{"id":11,"date":"2015-07-31T13:18:15","date_gmt":"2015-07-31T11:18:15","guid":{"rendered":"https:\/\/kardiologia-eksperymentalna.pl\/?page_id=11"},"modified":"2015-07-31T14:51:55","modified_gmt":"2015-07-31T12:51:55","slug":"publikacje","status":"publish","type":"page","link":"https:\/\/kardiologia-eksperymentalna.pl\/index.php\/publikacje\/","title":{"rendered":"Publikacje"},"content":{"rendered":"<ul id=\"files\">\n<li><span style=\"color: #000000;\"><a style=\"color: #000000;\" href=\"https:\/\/kardiologia-eksperymentalna.pl\/pub_pliki\/_plk35_1_KP_Supl_III_2011.pdf\">Kardiologia Polska, Supelment SKE 2011<\/a><\/span><\/li>\n<li><span style=\"color: #000000;\"><a style=\"color: #000000;\" href=\"https:\/\/kardiologia-eksperymentalna.pl\/pub_pliki\/\">KP Suplement SKE, listopad 2010<\/a><\/span><span style=\"color: #000000;\"><a style=\"color: #000000;\" href=\"https:\/\/kardiologia-eksperymentalna.pl\/pliki\/KPsuplSKE2010x.pdf\">Kardiol Pol, 2010; 68, Suppl. V<\/a><\/span><\/li>\n<li><span style=\"color: #000000;\"><a style=\"color: #000000;\" href=\"https:\/\/kardiologia-eksperymentalna.pl\/pub_pliki\/_plk33_1_Znaczenietermoregulacjidlawydolnoscifizycznejczlowieka.pdf\">Znaczenie termoregulacji dla wydolnosci fizycznej cz\u0139\u0082owieka<\/a><\/span><\/li>\n<li><span style=\"color: #000000;\"><a style=\"color: #000000;\" href=\"https:\/\/kardiologia-eksperymentalna.pl\/pub_pliki\/_plk32_1_Wplywprocesuzapalnegonazmianywukladziekrazeniauchorychzprzewlekniewydolnoscianerek.pdf\">Wp\u0139\u0082yw procesu zapalnego na zmiany w uk\u0139\u0082adzie kr\u00c4\u0085\u0139\u017aenia uchorych z przewlek\u0139\u0082\u00c4\u0085 niewydolno\u0139\u009bci\u00c4\u0085 nerek<\/a><\/span><\/li>\n<li><span style=\"color: #000000;\"><a style=\"color: #000000;\" href=\"https:\/\/kardiologia-eksperymentalna.pl\/pub_pliki\/_plk31_1_Wplywkompozycjidietyinadmiarusubstratwenergetycznychnarozwjniewydolnosciserca.pdf\">Wp\u0139\u0082yw kompozycji diety i nadmiaru substrat\u0102\u0142w energetycznych na rozw\u0102\u0142j niewydolno\u0139\u009bci serca<\/a><\/span><\/li>\n<li><span style=\"color: #000000;\"><a style=\"color: #000000;\" href=\"https:\/\/kardiologia-eksperymentalna.pl\/pub_pliki\/_plk30_1_Rekombinowanepochodnestafylokinazy8211czybedaidealnymilekamitrombolitycznymi.pdf\">Rekombinowane pochodne stafylokinazy \u00e2\u0080\u0093 czy b\u00c4\u0099d\u00c4\u0085 idealnymi lekami trombolitycznymi?<\/a><\/span><\/li>\n<li><span style=\"color: #000000;\"><a style=\"color: #000000;\" href=\"https:\/\/kardiologia-eksperymentalna.pl\/pub_pliki\/_plk29_1_OdruchBezoldaJarischawniedokrwieniuminiasercowego.pdf\">Odruch Bezolda-Jarischa w niedokrwieniu mi\u00c4\u0099\u0139\u009bnia sercowego<\/a><\/span><\/li>\n<li><span style=\"color: #000000;\"><a style=\"color: #000000;\" href=\"https:\/\/kardiologia-eksperymentalna.pl\/pub_pliki\/_plk28_1_Albuminamodyfikowananiedokrwieniemjakomarkerchorobyniedokrwiennej.pdf\">Albumina modyfikowana niedokrwieniem jako marker choroby niedokrwiennej<\/a><\/span><\/li>\n<li><span style=\"color: #000000;\"><a style=\"color: #000000;\" href=\"https:\/\/kardiologia-eksperymentalna.pl\/pub_pliki\/_plk27_1_Czywielonienasyconekwasytluszczoweomega3wywierajefektantyarytmiczny8211krytycznyprzegladliteratury.pdf\">Czy wielonienasycone kwasy t\u0139\u0082uszczowe omega-3 wywieraj\u00c4\u0085 efekt antyarytmiczny \u00e2\u0080\u0093krytyczny przegl\u00c4\u0085d literatury<\/a><\/span><\/li>\n<li><span style=\"color: #000000;\"><a style=\"color: #000000;\" href=\"https:\/\/kardiologia-eksperymentalna.pl\/pub_pliki\/_plk3_1_Otyoinuslinoopornocukrzycatyp2.pdf\">Oty\u0139\u0082o\u0139\u009b\u00c4\u0087 &#8211; insulinooporno\u0139\u009bc &#8211; cukrzyca typ2<\/a><\/span><\/li>\n<li><span style=\"color: #000000;\"><a style=\"color: #000000;\" href=\"https:\/\/kardiologia-eksperymentalna.pl\/pub_pliki\/_plk4_1_Aterogennadyslipidemiawcukrzycytypu2.pdf\">Aterogenna dyslipidemia w cukrzycy typu 2<\/a><\/span><\/li>\n<li><span style=\"color: #000000;\"><a style=\"color: #000000;\" href=\"https:\/\/kardiologia-eksperymentalna.pl\/pub_pliki\/_plk5_1_CzynnikiwzrostuicytokinyTGFbFGFiIGF1aprzerostminialewejkomorysercawnadcinieniuttniczym.pdf\">Czynniki wzrostu i cytokiny (TGF\u0102\u009f, bFGF i IGF-1) a przerost mi\u00c4\u0099\u0139\u009bnia lewej komory serca w nadci\u0139\u009bnieniu t\u00c4\u0099tniczym<\/a><\/span><\/li>\n<li><span style=\"color: #000000;\"><a style=\"color: #000000;\" href=\"https:\/\/kardiologia-eksperymentalna.pl\/pub_pliki\/_plk6_1_Genetyczneuwarunkowanianajczstszycharytmii.pdf\">Genetyczne uwarunkowania najcz\u00c4\u0099stszych arytmii<\/a><\/span><\/li>\n<li><span style=\"color: #000000;\"><a style=\"color: #000000;\" href=\"https:\/\/kardiologia-eksperymentalna.pl\/pub_pliki\/_plk7_1_Komrkowedrogiprzekazywaniasygnawwprzerocieiniewydolnociserca.pdf\">Kom\u0102\u0142rkowe drogi przekazywania sygna\u0139\u0082\u0102\u0142w w przero\u0139\u009bcie i niewydolno\u0139\u009bci serca<\/a><\/span><\/li>\n<li><span style=\"color: #000000;\"><a style=\"color: #000000;\" href=\"https:\/\/kardiologia-eksperymentalna.pl\/pub_pliki\/_plk8_1_Peptydynatriuretyczneconowegowkardiologii.pdf\">Peptydy natriuretyczne- co\u0139\u009b nowego w kardiologii<\/a><\/span><\/li>\n<li><span style=\"color: #000000;\"><a style=\"color: #000000;\" href=\"https:\/\/kardiologia-eksperymentalna.pl\/pub_pliki\/_plk9_1_Udziawglowodanwituszczwzawartychwdieciewrozwojuprzerostuserca.pdf\">Udzia\u0139\u0082 w\u00c4\u0099glowodan\u0102\u0142w i t\u0139\u0082uszcz\u0102\u0142w zawartych w diecie w rozwoju przerostu serca<\/a><\/span><\/li>\n<li><span style=\"color: #000000;\"><a style=\"color: #000000;\" href=\"https:\/\/kardiologia-eksperymentalna.pl\/pub_pliki\/_plk10_1_Farmakologiardbonkawnadcinieniupucnym.pdf\">Farmakologia \u0139\u009br\u0102\u0142db\u0139\u0082onka w nadci\u0139\u009bnieniu p\u0139\u0082ucnym<\/a><\/span><\/li>\n<li><span style=\"color: #000000;\"><a style=\"color: #000000;\" href=\"https:\/\/kardiologia-eksperymentalna.pl\/pub_pliki\/_plk11_1_Nieoczekiwaneniepowodzeniaprbklinicznychzantyoksydantami.pdf\">Nieoczekiwane niepowodzenia pr\u0102\u0142b klinicznych z antyoksydantami<\/a><\/span><\/li>\n<li><span style=\"color: #000000;\"><a style=\"color: #000000;\" href=\"https:\/\/kardiologia-eksperymentalna.pl\/pub_pliki\/_plk12_1_Noweobliczemodyfikowanejreperfuzjipostconditioning.pdf\">Nowe oblicze modyfikowanej reperfuzji postconditioning<\/a><\/span><\/li>\n<li><span style=\"color: #000000;\"><a style=\"color: #000000;\" href=\"https:\/\/kardiologia-eksperymentalna.pl\/pub_pliki\/_plk13_1_Pozawaowaprzebudowaserca8211rozstrzelewejkomoryjakopotencjalnycelterapeutyczny.pdf\">Pozawa\u0139\u0082owa przebudowa serca ; rozstrze\u0139\u0084 lewej komory jako potencjalny cel terapeutyczny<\/a><\/span><\/li>\n<li><span style=\"color: #000000;\"><a style=\"color: #000000;\" href=\"https:\/\/kardiologia-eksperymentalna.pl\/pub_pliki\/_plk14_1_Rozwjniewydolnocisercawprzebieguchorobywiecowejrolaczynnikwgenetycznych.pdf\">Rozw\u0102\u0142j niewydolno\u0139\u009bci serca w przebiegu choroby wie\u0139\u0084cowej &#8211; rola czynnik\u0102\u0142w genetycznych<\/a><\/span><\/li>\n<li><span style=\"color: #000000;\"><a style=\"color: #000000;\" href=\"https:\/\/kardiologia-eksperymentalna.pl\/pub_pliki\/_plk15_1_rdbonkowedziaaniealdosteronuimplikacjeterapeutycznepyncezbadapodstawowychiklinicznych.pdf\">\u0139\u009ar\u0102\u0142db\u0139\u0082onkowe dzia\u0139\u0082anie aldosteronu-implikacje terapeutyczne p\u0139\u0082yn\u00c4\u0085ce z bada\u0139\u0084 podstawowych i klinicznych<\/a><\/span><\/li>\n<li><span style=\"color: #000000;\"><a style=\"color: #000000;\" href=\"https:\/\/kardiologia-eksperymentalna.pl\/pub_pliki\/_plk16_1_UdzianiewraliwychnapropranololreceptorwBadrenergicznychwukadziekrenia.pdf\">Udzia\u0139\u0082 niewra\u0139\u017aliwych na propranolol receptor\u0102\u0142w B-adrenergicznych w uk\u0139\u0082adzie kr\u00c4\u0085\u0139\u017aenia<\/a><\/span><\/li>\n<li><span style=\"color: #000000;\"><a style=\"color: #000000;\" href=\"https:\/\/kardiologia-eksperymentalna.pl\/pub_pliki\/_plk17_1_Udziatkankicznejwgojeniuzawauserca.pdf\">Udzia\u0139\u0082 tkanki \u0139\u0082\u00c4\u0085cznej w gojeniu zawa\u0139\u0082u serca<\/a><\/span><\/li>\n<li><span style=\"color: #000000;\"><a style=\"color: #000000;\" href=\"https:\/\/kardiologia-eksperymentalna.pl\/pub_pliki\/_plk18_1_Wpywtkankowychiosoczowychinhibitorwkonwertazyangiotensynynahemostazwwietlebadaeksperymentalnychiklinicznych.pdf\">Wp\u0139\u0082yw tkankowych i osoczowych inhibitor\u0102\u0142w konwertazy angiotensyny na hemostaz\u00c4\u0099 w \u0139\u009bwietle bada\u0139\u0084 eksperymentalnych i klinicznych<\/a><\/span><\/li>\n<li><span style=\"color: #000000;\"><a style=\"color: #000000;\" href=\"https:\/\/kardiologia-eksperymentalna.pl\/pub_pliki\/_plk19_1_Zaburzeniarwnowagirdbonkowejwnadcinieniuttniczym.Rolapeptydwnatriuretycznychiendoteliny.pdf\">Zaburzenia r\u0102\u0142wnowagi \u0139\u009br\u0102\u0142db\u0139\u0082onkowej w nadci\u0139\u009bnieniu t\u00c4\u0099tniczym. Rola peptyd\u0102\u0142w natriuretycznych i endoteliny<\/a><\/span><\/li>\n<li><span style=\"color: #000000;\"><a style=\"color: #000000;\" href=\"https:\/\/kardiologia-eksperymentalna.pl\/pub_pliki\/_plk20_1_Aliskirendoustnyinhibitorreniny.pdf\">Aliskiren &#8211; dousty inhibitor reniny<\/a><\/span><\/li>\n<li><span style=\"color: #000000;\"><a style=\"color: #000000;\" href=\"https:\/\/kardiologia-eksperymentalna.pl\/pub_pliki\/_plk21_1_Nieprawidowaodpowiednakwasnaacetylosalicylowy.pdf\">Nieprawid\u0139\u0082owa odpowied\u0139\u015fna kwas na acetylosalicylowy<\/a><\/span><\/li>\n<li><span style=\"color: #000000;\"><a style=\"color: #000000;\" href=\"https:\/\/kardiologia-eksperymentalna.pl\/pub_pliki\/_plk22_1_NikotynamidijegometabolitNMetylonikotynamidtylkowitaminaczymoenowylekdowalkizchorobamiukadukrenia.pdf\">Nikotynamid i jego metabolit N-Metylonikotynamid &#8211; tylko witamina czy mo\u0139\u017ae nowy lek do walki z chorobami uk\u0139\u0082adu kr\u00c4\u0085\u0139\u017aenia<\/a><\/span><\/li>\n<li><span style=\"color: #000000;\"><a style=\"color: #000000;\" href=\"https:\/\/kardiologia-eksperymentalna.pl\/pub_pliki\/_plk23_1_Remodelingminiasercowegowprzebiegutachyarytmiinadkomorowych.pdf\">Remodeling mi\u00c4\u0099\u0139\u009bnia sercowego w przebiegu tachyarytmii nadkomorowych<\/a><\/span><\/li>\n<li><span style=\"color: #000000;\"><a style=\"color: #000000;\" href=\"https:\/\/kardiologia-eksperymentalna.pl\/pub_pliki\/_plk24_1_Wpywokoonaczyniowejtkankituszczowejnafunkcjnaczy.pdf\">Wp\u0139\u0082yw oko\u0139\u0082onaczyniowej tkanki t\u0139\u0082uszczowej na funkcj\u00c4\u0099 naczy\u0139\u0084<\/a><\/span><\/li>\n<li><span style=\"color: #000000;\"><a style=\"color: #000000;\" href=\"https:\/\/kardiologia-eksperymentalna.pl\/pub_pliki\/_plk25_1_Znaczenieapoptozywpoatogeneziemiadycy.pdf\">Znaczenie apoptozy w poatogenezie mia\u0139\u017ad\u0139\u017aycy<\/a><\/span><\/li>\n<\/ul>\n","protected":false},"excerpt":{"rendered":"<p>Kardiologia Polska, Supelment SKE 2011 KP Suplement SKE, listopad 2010Kardiol Pol, 2010; 68, Suppl. V Znaczenie termoregulacji dla wydolnosci fizycznej cz\u0139\u0082owieka Wp\u0139\u0082yw procesu zapalnego na zmiany w uk\u0139\u0082adzie kr\u00c4\u0085\u0139\u017aenia uchorych z przewlek\u0139\u0082\u00c4\u0085 niewydolno\u0139\u009bci\u00c4\u0085 nerek Wp\u0139\u0082yw kompozycji diety i nadmiaru substrat\u0102\u0142w energetycznych na rozw\u0102\u0142j niewydolno\u0139\u009bci serca Rekombinowane pochodne stafylokinazy \u00e2\u0080\u0093 czy b\u00c4\u0099d\u00c4\u0085 idealnymi lekami trombolitycznymi? Odruch\u2026 <span class=\"read-more\"><a href=\"https:\/\/kardiologia-eksperymentalna.pl\/index.php\/publikacje\/\">Dowiedz si\u0119 wi\u0119cej &raquo;<\/a><\/span><\/p>\n","protected":false},"author":1,"featured_media":0,"parent":0,"menu_order":0,"comment_status":"closed","ping_status":"closed","template":"page-sidebar.php","meta":{"footnotes":""},"class_list":["post-11","page","type-page","status-publish","hentry"],"_links":{"self":[{"href":"https:\/\/kardiologia-eksperymentalna.pl\/index.php\/wp-json\/wp\/v2\/pages\/11","targetHints":{"allow":["GET"]}}],"collection":[{"href":"https:\/\/kardiologia-eksperymentalna.pl\/index.php\/wp-json\/wp\/v2\/pages"}],"about":[{"href":"https:\/\/kardiologia-eksperymentalna.pl\/index.php\/wp-json\/wp\/v2\/types\/page"}],"author":[{"embeddable":true,"href":"https:\/\/kardiologia-eksperymentalna.pl\/index.php\/wp-json\/wp\/v2\/users\/1"}],"replies":[{"embeddable":true,"href":"https:\/\/kardiologia-eksperymentalna.pl\/index.php\/wp-json\/wp\/v2\/comments?post=11"}],"version-history":[{"count":5,"href":"https:\/\/kardiologia-eksperymentalna.pl\/index.php\/wp-json\/wp\/v2\/pages\/11\/revisions"}],"predecessor-version":[{"id":51,"href":"https:\/\/kardiologia-eksperymentalna.pl\/index.php\/wp-json\/wp\/v2\/pages\/11\/revisions\/51"}],"wp:attachment":[{"href":"https:\/\/kardiologia-eksperymentalna.pl\/index.php\/wp-json\/wp\/v2\/media?parent=11"}],"curies":[{"name":"wp","href":"https:\/\/api.w.org\/{rel}","templated":true}]}}