{"id":179,"date":"2018-04-09T14:26:00","date_gmt":"2018-04-09T12:26:00","guid":{"rendered":"https:\/\/kardiologia-eksperymentalna.pl\/?page_id=179"},"modified":"2018-04-09T14:26:00","modified_gmt":"2018-04-09T12:26:00","slug":"xxii-sympozjum-sekcji-kardiologii-eksperymentalnej-ptk","status":"publish","type":"page","link":"https:\/\/kardiologia-eksperymentalna.pl\/index.php\/xxii-sympozjum-sekcji-kardiologii-eksperymentalnej-ptk\/","title":{"rendered":"XXII Sympozjum Sekcji Kardiologii Eksperymentalnej PTK"},"content":{"rendered":"<p>Szanowni Pa\u0144stwo,<\/p>\n<p>Serdecznie zapraszamy cz\u0142onk\u00f3w i sympatyk\u00f3w SKE PTK<br \/>\ndo wzi\u0119cia udzia\u0142u w tegorocznym Sympozjum Sekcji,<br \/>\nkt\u00f3re odb\u0119dzie si\u0119 w dniach\u00a0<strong>26-28.10.2017<\/strong><br \/>\nw Hotelu Renusz w <strong> Gda\u0144sku &#8211; Sobieszewie<\/strong>.<\/p>\n<p><em>Zarz\u0105d SKE PTK<\/em><\/p>\n<p><strong>XXII Sympozjum Sekcji Kardiologii Eksperymentalnej PTK <\/strong><strong>oraz Komitetu Nauk Fizjologicznych i Farmakologicznych PAN<\/strong><\/p>\n<p><strong>Program Sympozjum:<\/strong><\/p>\n<p><strong>26.10.2017 godz. 18-21\u00a0<\/strong>(spotkanie i rejestracja)<\/p>\n<p><strong>Program i streszczenia pdf:\u00a0<a href=\"https:\/\/kardiologia-eksperymentalna.pl\/wp-content\/uploads\/2017\/05\/Program-SKE-PTK-2017.pdf\">Program SKE PTK 2017<\/a><br \/>\n<\/strong><\/p>\n<p><strong>Miejsce konferencji:<br \/>\n<\/strong><\/p>\n<p><strong>Hotel Renusz<br \/>\n<\/strong><strong>Nadwi\u015bla\u0144ska 56<br \/>\n<\/strong><strong>80-680 Gda\u0144sk-Sobieszewo<br \/>\n<\/strong><\/p>\n<p>Przejazd taks\u00f3wk\u0105 AS Taxi (tel. 58 19 660,\u00a0<span class=\"text-yellow\">58 302 23 03,\u00a0<\/span>660 619 660) z dworca Gda\u0144sk G\u0142\u00f3wny do Hotelu\u00a0 kosztuje ok 45 PLN w ci\u0105gu dnia lub 65 PLN w nocy.<\/p>\n<p><strong>Organizator:<\/strong><\/p>\n<p><strong>Sekcja Kardiologii Eksperymentalnej PTK oraz Komitet Nauk Fizjologicznych i Farmakologicznych PAN<\/strong><\/p>\n<p>oraz:<\/p>\n<p><strong>Katedra i Zak\u0142ad Biochemii,<br \/>\nGda\u0144ski Uniwersytet Medyczny,<br \/>\n80-211 Gda\u0144sk, D\u0119binki 1<\/strong><\/p>\n<p>Kontakt w sprawie konferencji:<br \/>\n<strong>E-mail: rt.smolenski@gumed.edu.pl<\/strong><\/p>\n<p><strong>OPIS KONFERENCJI<\/strong><\/p>\n<p>Po raz kolejny mamy zaszczyt i przyjemno\u015b\u0107 zaprosi\u0107 Pa\u0144stwa do udzia\u0142u w XXII Sympozjum Sekcji Kardiologii Eksperymentalnej PTK oraz Komitetu Nauk Fizjologicznych i Farmakologicznych PAN.<\/p>\n<p>Program konferencji obejmuje wszystkie tematy bada\u0144 aktualnie prowadzonych, zwi\u0105zanych z eksperymentaln\u0105 kardiologi\u0105. Zgodnie z wieloletni\u0105 tradycj\u0105, pod okiem ekspert\u00f3w, b\u0119dziemy mieli mo\u017cliwo\u015b\u0107 wsp\u00f3lnie przedyskutowa\u0107 wyniki Pa\u0144stwa ostatnich osi\u0105gni\u0119\u0107 naukowych kt\u00f3re b\u0119d\u0105 mog\u0142y by\u0107 przedstawiane w formie ustnej lub\/i poster\u00f3w, zar\u00f3wno po polsku jak i w j\u0119zyku angielskim.<\/p>\n<p><strong>REJESTRACJA<\/strong><\/p>\n<p>Rejestracja i zg\u0142aszanie streszcze\u0144 zgodnie z szablonem na adres e-mail: <a href=\"mailto:rt.smolenski@gumed.edu.pl\">rt.smolenski@gumed.edu.pl<\/a>\u00a0z podaniem SKE PTK w tek\u015bcie lub nag\u0142\u00f3wku emaila. Nie przewidujemy op\u0142at rejestracyjnych. prosimy o dokonane rezerwacji zakwaterowania bezposrednio w hotelu z zaznaczeniem udzia\u0142u w SKE PTK. Streszczenia moga by\u0107 po polsku lub w jezyku angielskim. Przewidujemy zar\u00f3wno wyst\u0105pienia ustne jak i postery.<\/p>\n<p><a href=\"https:\/\/kardiologia-eksperymentalna.pl\/wp-content\/uploads\/2017\/05\/abstract-template.pdf\" target=\"_blank\" rel=\"noopener noreferrer\">Formularz na abstrakty- wersja *.pdf<\/a><\/p>\n<p><a href=\"https:\/\/kardiologia-eksperymentalna.pl\/wp-content\/uploads\/2017\/05\/abstract-template.docx\">Formularz na abstrakty- wersja *.docx<\/a><\/p>\n<p>&nbsp;<\/p>\n","protected":false},"excerpt":{"rendered":"<p>Szanowni Pa\u0144stwo, Serdecznie zapraszamy cz\u0142onk\u00f3w i sympatyk\u00f3w SKE PTK do wzi\u0119cia udzia\u0142u w tegorocznym Sympozjum Sekcji, kt\u00f3re odb\u0119dzie si\u0119 w dniach\u00a026-28.10.2017 w Hotelu Renusz w Gda\u0144sku &#8211; Sobieszewie. Zarz\u0105d SKE PTK XXII Sympozjum Sekcji Kardiologii Eksperymentalnej PTK oraz Komitetu Nauk Fizjologicznych i Farmakologicznych PAN Program Sympozjum: 26.10.2017 godz. 18-21\u00a0(spotkanie i rejestracja) Program i streszczenia pdf:\u00a0Program\u2026 <span class=\"read-more\"><a href=\"https:\/\/kardiologia-eksperymentalna.pl\/index.php\/xxii-sympozjum-sekcji-kardiologii-eksperymentalnej-ptk\/\">Dowiedz si\u0119 wi\u0119cej &raquo;<\/a><\/span><\/p>\n","protected":false},"author":1,"featured_media":0,"parent":0,"menu_order":0,"comment_status":"closed","ping_status":"closed","template":"","meta":{"footnotes":""},"class_list":["post-179","page","type-page","status-publish","hentry"],"_links":{"self":[{"href":"https:\/\/kardiologia-eksperymentalna.pl\/index.php\/wp-json\/wp\/v2\/pages\/179","targetHints":{"allow":["GET"]}}],"collection":[{"href":"https:\/\/kardiologia-eksperymentalna.pl\/index.php\/wp-json\/wp\/v2\/pages"}],"about":[{"href":"https:\/\/kardiologia-eksperymentalna.pl\/index.php\/wp-json\/wp\/v2\/types\/page"}],"author":[{"embeddable":true,"href":"https:\/\/kardiologia-eksperymentalna.pl\/index.php\/wp-json\/wp\/v2\/users\/1"}],"replies":[{"embeddable":true,"href":"https:\/\/kardiologia-eksperymentalna.pl\/index.php\/wp-json\/wp\/v2\/comments?post=179"}],"version-history":[{"count":1,"href":"https:\/\/kardiologia-eksperymentalna.pl\/index.php\/wp-json\/wp\/v2\/pages\/179\/revisions"}],"predecessor-version":[{"id":180,"href":"https:\/\/kardiologia-eksperymentalna.pl\/index.php\/wp-json\/wp\/v2\/pages\/179\/revisions\/180"}],"wp:attachment":[{"href":"https:\/\/kardiologia-eksperymentalna.pl\/index.php\/wp-json\/wp\/v2\/media?parent=179"}],"curies":[{"name":"wp","href":"https:\/\/api.w.org\/{rel}","templated":true}]}}