{"id":557,"date":"2022-07-13T10:26:30","date_gmt":"2022-07-13T08:26:30","guid":{"rendered":"https:\/\/kardiologia-eksperymentalna.pl\/?page_id=557"},"modified":"2025-09-04T21:03:49","modified_gmt":"2025-09-04T19:03:49","slug":"https-sske-kongresy-com-pl","status":"publish","type":"page","link":"https:\/\/kardiologia-eksperymentalna.pl\/index.php\/https-sske-kongresy-com-pl\/","title":{"rendered":"XXVI Sympozjum Sekcji Kardiologii Eksperymentalnej Polskiego Towarzystwa Kardiologicznego"},"content":{"rendered":"<p>Szanowni Pa\u0144stwo,<br \/>\nDrogie Kole\u017canki i Koledzy!<\/p>\n<p>W imieniu Komitetu Organizacyjnego mamy przyjemno\u015b\u0107 zaprosi\u0107 Pa\u0144stwa do udzia\u0142u w XXVI Sympozjum Sekcji Kardiologii Eksperymentalnej Polskiego Towarzystwa Kardiologicznego, kt\u00f3re odb\u0119dzie w formie stacjonarnej w dniach <strong>27-29 pa\u017adziernika 2022 roku<\/strong> w Hotelu Wilga w Ustroniu.<\/p>\n<p>\u201eKardiologia Eksperymentalna\u201d ma charakter interdyscyplinarny i stanowi forum wymiany do\u015bwiadcze\u0144\u0301 pomi\u0119dzy badaczami nauk podstawowych i klinicystami. Serdecznie zapraszamy do udzia\u0142u w tym wa\u017cnym wydarzeniu naukowym zar\u00f3wno badaczy na progu swojej drogi naukowej, jak i do\u015bwiadczonych naukowc\u00f3w i klinicyst\u00f3w zajmuj\u0105cych si\u0119\u0328 zagadnieniami z zakresu nauk podstawowych i translacyjnych oraz wdro\u017ceniami w kardiologii.<\/p>\n<p>Wsp\u00f3\u0142organizatorem Sympozjum jest Centrum Badawczo Rozwojowe American Heart of Poland oraz Katedra Kardiologii Krakowskiej Akademii im. Andrzeja Frycza Modrzewskiego.<\/p>\n<p><strong>Termin ostateczny nadsy\u0142ania streszcze\u0144: 14 wrze\u015bnia 2022 r.<\/strong><\/p>\n<p>Zg\u0142aszanie streszcze\u0144 przez system abstraktowy PTK:<br \/>\n<a href=\"https:\/\/abstrakty.ptkardio.pl\">https:\/\/abstrakty.ptkardio.pl<\/a><\/p>\n<p><strong>Op\u0142aty rejestracyjne:<\/strong><br \/>\n350 z\u0142 \u2013 do 30.09.2022 r.<br \/>\n500 z\u0142 \u2013 od 01.10.2022 r.<\/p>\n<p>Szczeg\u00f3\u0142y dotycz\u0105ce Sympozjum dost\u0119pne s\u0105 na stronie:<br \/>\n<a href=\"https:\/\/sske.kongresy.com.pl\">https:\/\/sske.kongresy.com.pl<\/a><\/p>\n<p>Do zobaczenia w Ustroniu!<br \/>\n<em>Zarz\u0105d SKE PTK<\/em><\/p>\n","protected":false},"excerpt":{"rendered":"<p>Szanowni Pa\u0144stwo, Drogie Kole\u017canki i Koledzy! W imieniu Komitetu Organizacyjnego mamy przyjemno\u015b\u0107 zaprosi\u0107 Pa\u0144stwa do udzia\u0142u w XXVI Sympozjum Sekcji Kardiologii Eksperymentalnej Polskiego Towarzystwa Kardiologicznego, kt\u00f3re odb\u0119dzie w formie stacjonarnej w dniach 27-29 pa\u017adziernika 2022 roku w Hotelu Wilga w Ustroniu. \u201eKardiologia Eksperymentalna\u201d ma charakter interdyscyplinarny i stanowi forum wymiany do\u015bwiadcze\u0144\u0301 pomi\u0119dzy badaczami nauk podstawowych\u2026 <span class=\"read-more\"><a href=\"https:\/\/kardiologia-eksperymentalna.pl\/index.php\/https-sske-kongresy-com-pl\/\">Dowiedz si\u0119 wi\u0119cej &raquo;<\/a><\/span><\/p>\n","protected":false},"author":10,"featured_media":0,"parent":0,"menu_order":0,"comment_status":"closed","ping_status":"closed","template":"","meta":{"footnotes":""},"class_list":["post-557","page","type-page","status-publish","hentry"],"_links":{"self":[{"href":"https:\/\/kardiologia-eksperymentalna.pl\/index.php\/wp-json\/wp\/v2\/pages\/557","targetHints":{"allow":["GET"]}}],"collection":[{"href":"https:\/\/kardiologia-eksperymentalna.pl\/index.php\/wp-json\/wp\/v2\/pages"}],"about":[{"href":"https:\/\/kardiologia-eksperymentalna.pl\/index.php\/wp-json\/wp\/v2\/types\/page"}],"author":[{"embeddable":true,"href":"https:\/\/kardiologia-eksperymentalna.pl\/index.php\/wp-json\/wp\/v2\/users\/10"}],"replies":[{"embeddable":true,"href":"https:\/\/kardiologia-eksperymentalna.pl\/index.php\/wp-json\/wp\/v2\/comments?post=557"}],"version-history":[{"count":7,"href":"https:\/\/kardiologia-eksperymentalna.pl\/index.php\/wp-json\/wp\/v2\/pages\/557\/revisions"}],"predecessor-version":[{"id":1123,"href":"https:\/\/kardiologia-eksperymentalna.pl\/index.php\/wp-json\/wp\/v2\/pages\/557\/revisions\/1123"}],"wp:attachment":[{"href":"https:\/\/kardiologia-eksperymentalna.pl\/index.php\/wp-json\/wp\/v2\/media?parent=557"}],"curies":[{"name":"wp","href":"https:\/\/api.w.org\/{rel}","templated":true}]}}