{"id":708,"date":"2023-06-27T10:10:45","date_gmt":"2023-06-27T08:10:45","guid":{"rendered":"https:\/\/kardiologia-eksperymentalna.pl\/?page_id=708"},"modified":"2026-04-01T22:54:41","modified_gmt":"2026-04-01T20:54:41","slug":"zaproszenie","status":"publish","type":"page","link":"https:\/\/kardiologia-eksperymentalna.pl\/index.php\/zaproszenie\/","title":{"rendered":"Zaproszenie"},"content":{"rendered":"\n<p>Szanowni Pa\u0144stwo,<\/p>\n\n\n\n<p>Serdecznie zapraszamy do udzia\u0142u w jubileuszowym <strong>XXX Sympozjum Sekcji Kardiologii Eksperymentalnej Polskiego Towarzystwa Kardiologicznego<\/strong>, kt\u00f3re odb\u0119dzie si\u0119 w dniach <strong>22-24 pa\u017adziernika 2026 roku<\/strong> w stolicy Podlasia<strong> Bia\u0142ymstoku<\/strong>.<\/p>\n\n\n\n<p>Inauguracja Sympozjum zosta\u0142a zaplanowana w historycznych wn\u0119trzach po\u0142o\u017conego w centrum Bia\u0142egostoku <strong>Pa\u0142acu Branickich<\/strong>, natomiast drugiego i trzeciego dnia b\u0119dziemy si\u0119 spotyka\u0107 w sali konferencyjnej <strong>Hotelu Branicki<\/strong>.<\/p>\n\n\n\n<p><a href=\"https:\/\/www.umb.edu.pl\/photo\/pliki\/aktualnosci\/2025\/www_umb_informator.pdf\">https:\/\/www.umb.edu.pl\/photo\/pliki\/aktualnosci\/2025\/www_umb_informator.pdf<\/a><\/p>\n\n\n\n<p><a href=\"https:\/\/www.hotelbranicki.com\/konferencje\">https:\/\/www.hotelbranicki.com\/konferencje<\/a><\/p>\n\n\n\n<p>Po\u0142o\u017cony w centrum Bia\u0142egostoku HOTEL BRANICKI **** &#8211;&nbsp; pierwszy w regionie obiekt klasy boutique, nawi\u0105zuj\u0105cy do atmosfery przedwojennego bia\u0142ostockiego hotelu Ritz, zapewni r\u00f3wnie\u017c uczestnikom Sympozjum noclegi, uroczyste \u015bwi\u0119towanie jubileuszu Sekcji podczas Gala Dinner, a tak\u017ce regionalne potrawy.<\/p>\n\n\n\n<p><strong>Jubileuszowe XXX Sympozjum SKE PTK<\/strong> b\u0119dzie okazj\u0105 do spotkania pionier\u00f3w SKE, z aktywnie dzia\u0142aj\u0105cymi jej cz\u0142onkami i adeptami kardiologii eksperymentalnej oraz do podsumowania jej d\u0142ugoletniej, obfituj\u0105cej w szereg sukces\u00f3w dzia\u0142alno\u015bci.<\/p>\n\n\n\n<p><strong>Serdecznie zapraszamy do udzia\u0142u w tym wyj\u0105tkowym wydarzeniu.<\/strong><\/p>\n\n\n\n<p><strong>Serdecznie zapraszamy do Pa\u0142acu i Hotelu Branicki w Bia\u0142ymstoku.<\/strong><\/p>\n\n\n\n<p><strong>Prosimy o zapisanie w kalendarzu daty 22-24 pa\u017adziernika 2026 r.<\/strong><\/p>\n\n\n\n<p>Wszelkie aktualizacje i szczeg\u00f3\u0142y dotycz\u0105ce sympozjum b\u0119d\u0105 sukcesywnie publikowane na naszej stronie internetowej: https:\/\/kardiologia-eksperymentalna.pl\/<\/p>\n\n\n\n<p>Je\u015bli maj\u0105 Pa\u0144stwo jakiekolwiek pytania lub potrzebuj\u0105 dodatkowych informacji, jeste\u015bmy do dyspozycji.<\/p>\n\n\n\n<p>B\u0119dziemy r\u00f3wnie\u017c wdzi\u0119czni za wszystkie propozycje i pomys\u0142y dotycz\u0105ce programu naszego jubileuszowego XXX Sympozjum.<\/p>\n\n\n\n<p>Z serdecznymi pozdrowieniami<\/p>\n\n\n\n<p>Wsp\u00f3\u0142przewodnicz\u0105ce Komitetu Organizacyjnego<\/p>\n\n\n\n<p><em>dr hab. Marta Baranowska-Kuczko<\/em><\/p>\n\n\n\n<p><em>prof. dr hab. Barbara Malinowska<\/em><\/p>\n\n\n\n<p>Wsp\u00f3\u0142przewodnicz\u0105cy Komitetu Naukowego<\/p>\n\n\n\n<p><em>prof. dr hab. Andrzej Ber\u0119sewicz<\/em><\/p>\n\n\n\n<p><em>prof. dr hab. Barbara Malinowska<\/em><\/p>\n","protected":false},"excerpt":{"rendered":"<p>Szanowni Pa\u0144stwo, Serdecznie zapraszamy do udzia\u0142u w jubileuszowym XXX Sympozjum Sekcji Kardiologii Eksperymentalnej Polskiego Towarzystwa Kardiologicznego, kt\u00f3re odb\u0119dzie si\u0119 w dniach 22-24 pa\u017adziernika 2026 roku w stolicy Podlasia Bia\u0142ymstoku. Inauguracja Sympozjum zosta\u0142a zaplanowana w historycznych wn\u0119trzach po\u0142o\u017conego w centrum Bia\u0142egostoku Pa\u0142acu Branickich, natomiast drugiego i trzeciego dnia b\u0119dziemy si\u0119 spotyka\u0107 w sali konferencyjnej Hotelu Branicki.\u2026 <span class=\"read-more\"><a href=\"https:\/\/kardiologia-eksperymentalna.pl\/index.php\/zaproszenie\/\">Dowiedz si\u0119 wi\u0119cej &raquo;<\/a><\/span><\/p>\n","protected":false},"author":12,"featured_media":0,"parent":0,"menu_order":0,"comment_status":"closed","ping_status":"closed","template":"page-templates\/full-width.php","meta":{"footnotes":""},"class_list":["post-708","page","type-page","status-publish","hentry"],"_links":{"self":[{"href":"https:\/\/kardiologia-eksperymentalna.pl\/index.php\/wp-json\/wp\/v2\/pages\/708","targetHints":{"allow":["GET"]}}],"collection":[{"href":"https:\/\/kardiologia-eksperymentalna.pl\/index.php\/wp-json\/wp\/v2\/pages"}],"about":[{"href":"https:\/\/kardiologia-eksperymentalna.pl\/index.php\/wp-json\/wp\/v2\/types\/page"}],"author":[{"embeddable":true,"href":"https:\/\/kardiologia-eksperymentalna.pl\/index.php\/wp-json\/wp\/v2\/users\/12"}],"replies":[{"embeddable":true,"href":"https:\/\/kardiologia-eksperymentalna.pl\/index.php\/wp-json\/wp\/v2\/comments?post=708"}],"version-history":[{"count":7,"href":"https:\/\/kardiologia-eksperymentalna.pl\/index.php\/wp-json\/wp\/v2\/pages\/708\/revisions"}],"predecessor-version":[{"id":1246,"href":"https:\/\/kardiologia-eksperymentalna.pl\/index.php\/wp-json\/wp\/v2\/pages\/708\/revisions\/1246"}],"wp:attachment":[{"href":"https:\/\/kardiologia-eksperymentalna.pl\/index.php\/wp-json\/wp\/v2\/media?parent=708"}],"curies":[{"name":"wp","href":"https:\/\/api.w.org\/{rel}","templated":true}]}}